{"id":241619,"date":"2024-05-03T20:12:32","date_gmt":"2024-05-03T18:12:32","guid":{"rendered":"https:\/\/gonelio.fr\/?post_type=product&#038;p=241619"},"modified":"2025-10-19T10:49:04","modified_gmt":"2025-10-19T08:49:04","slug":"puffy-skirt","status":"publish","type":"product","link":"https:\/\/gonelio.fr\/index.php\/produit\/puffy-skirt\/","title":{"rendered":"Puffy Skirt"},"content":{"rendered":"<p>Taille Unique convient de la taille S \u00e0 la taille L<\/p>\n","protected":false},"excerpt":{"rendered":"<div id=\"productDescription\" class=\"as-cell margin-top--xsmall decorate-lists text--no-case\" data-pdp-component=\"description\" data-component-id=\"productDescription\" data-component-state=\"loaded\">\n<div data-description-component=\"content\">\n<p class=\"margin-bottom--line-height\">La jupe pr\u00e9sente une construction Ballon \u00a0fabriqu\u00e9e avec un coton avec des stopper qui la rend ajustable. Une Ceinture r\u00e9glable; Longueur mi-cuisse.<\/p>\n<ul>\n<li>Coupe ballon<\/li>\n<li>Longueur mi-cuisse<\/li>\n<li>Il est agr\u00e9ment\u00e9 d&rsquo;une ceinture \u00e9lastique r\u00e9glable.<\/li>\n<li>Surpiq\u00fbres matelass\u00e9e<\/li>\n<li>Confectionn\u00e9 en Coton.<\/li>\n<\/ul>\n<ul>\n<li>Ext\u00e9rieur : 100% Coton<\/li>\n<\/ul>\n<\/div>\n<div class=\"on--expanded-false\"><\/div>\n<\/div>\n","protected":false},"featured_media":241854,"template":"","meta":{"_et_pb_use_builder":"","_et_pb_old_content":"","_et_gb_content_width":""},"product_brand":[],"product_cat":[47,46,48],"product_tag":[],"class_list":{"0":"post-241619","1":"product","2":"type-product","3":"status-publish","4":"has-post-thumbnail","6":"product_cat-echarpes","7":"product_cat-jupes","8":"product_cat-maille","10":"first","11":"instock","12":"sale","13":"purchasable","14":"product-type-simple"},"_links":{"self":[{"href":"https:\/\/gonelio.fr\/index.php\/wp-json\/wp\/v2\/product\/241619","targetHints":{"allow":["GET"]}}],"collection":[{"href":"https:\/\/gonelio.fr\/index.php\/wp-json\/wp\/v2\/product"}],"about":[{"href":"https:\/\/gonelio.fr\/index.php\/wp-json\/wp\/v2\/types\/product"}],"wp:featuredmedia":[{"embeddable":true,"href":"https:\/\/gonelio.fr\/index.php\/wp-json\/wp\/v2\/media\/241854"}],"wp:attachment":[{"href":"https:\/\/gonelio.fr\/index.php\/wp-json\/wp\/v2\/media?parent=241619"}],"wp:term":[{"taxonomy":"product_brand","embeddable":true,"href":"https:\/\/gonelio.fr\/index.php\/wp-json\/wp\/v2\/product_brand?post=241619"},{"taxonomy":"product_cat","embeddable":true,"href":"https:\/\/gonelio.fr\/index.php\/wp-json\/wp\/v2\/product_cat?post=241619"},{"taxonomy":"product_tag","embeddable":true,"href":"https:\/\/gonelio.fr\/index.php\/wp-json\/wp\/v2\/product_tag?post=241619"}],"curies":[{"name":"wp","href":"https:\/\/api.w.org\/{rel}","templated":true}]}}