{"id":177,"date":"2024-04-22T17:47:56","date_gmt":"2024-04-22T15:47:56","guid":{"rendered":"https:\/\/gonelio.fr\/?post_type=product&#038;p=177"},"modified":"2025-10-19T10:54:50","modified_gmt":"2025-10-19T08:54:50","slug":"puffy-trousers","status":"publish","type":"product","link":"https:\/\/gonelio.fr\/index.php\/produit\/puffy-trousers\/","title":{"rendered":"Puffy Trousers"},"content":{"rendered":"","protected":false},"excerpt":{"rendered":"<div id=\"productDescription\" class=\"as-cell margin-top--xsmall decorate-lists text--no-case\" data-pdp-component=\"description\" data-component-id=\"productDescription\" data-component-state=\"loaded\" data-expanded=\"true\">\n<div data-description-component=\"content\">\n<p class=\"margin-bottom--line-height\">Le pantalon pr\u00e9sente un matelassage classique, caract\u00e9ris\u00e9 par un passant et une tailledroite \u00e0 double \u00e9paisseur. Elle est confectionn\u00e9e en coton rembour\u00e9e d\u00e9gageant une sensation de chaleur.<\/p>\n<ul>\n<li>Coupe r\u00e9guli\u00e8re<\/li>\n<li>Taille mi-haute<\/li>\n<li>Coupe droite<\/li>\n<li>Longueur rallong\u00e9e<\/li>\n<li>D\u00e9tails matelass\u00e9<\/li>\n<li>Poches plaqu\u00e9e avant et poches arri\u00e8re<\/li>\n<li>Braguette zipp\u00e9e<\/li>\n<li>Confection en coton biologique.<\/li>\n<\/ul>\n<ul>\n<li>Ext\u00e9rieur : 100% coton, Doublure : 100% coton, Doublure de poche : 100% Coton,<\/li>\n<\/ul>\n<\/div>\n<div class=\"on--expanded-true\"><\/div>\n<\/div>\n","protected":false},"featured_media":241900,"template":"","meta":{"_et_pb_use_builder":"","_et_pb_old_content":"","_et_gb_content_width":""},"product_brand":[],"product_cat":[47,48,15],"product_tag":[],"class_list":{"0":"post-177","1":"product","2":"type-product","3":"status-publish","4":"has-post-thumbnail","6":"product_cat-echarpes","7":"product_cat-maille","8":"product_cat-non-classe","10":"first","11":"instock","12":"sale","13":"purchasable","14":"product-type-simple"},"_links":{"self":[{"href":"https:\/\/gonelio.fr\/index.php\/wp-json\/wp\/v2\/product\/177","targetHints":{"allow":["GET"]}}],"collection":[{"href":"https:\/\/gonelio.fr\/index.php\/wp-json\/wp\/v2\/product"}],"about":[{"href":"https:\/\/gonelio.fr\/index.php\/wp-json\/wp\/v2\/types\/product"}],"wp:featuredmedia":[{"embeddable":true,"href":"https:\/\/gonelio.fr\/index.php\/wp-json\/wp\/v2\/media\/241900"}],"wp:attachment":[{"href":"https:\/\/gonelio.fr\/index.php\/wp-json\/wp\/v2\/media?parent=177"}],"wp:term":[{"taxonomy":"product_brand","embeddable":true,"href":"https:\/\/gonelio.fr\/index.php\/wp-json\/wp\/v2\/product_brand?post=177"},{"taxonomy":"product_cat","embeddable":true,"href":"https:\/\/gonelio.fr\/index.php\/wp-json\/wp\/v2\/product_cat?post=177"},{"taxonomy":"product_tag","embeddable":true,"href":"https:\/\/gonelio.fr\/index.php\/wp-json\/wp\/v2\/product_tag?post=177"}],"curies":[{"name":"wp","href":"https:\/\/api.w.org\/{rel}","templated":true}]}}